{"id":2,"date":"2017-08-01T10:22:52","date_gmt":"2017-08-01T09:22:52","guid":{"rendered":"https:\/\/psyfabriziomarra.com\/?page_id=2"},"modified":"2024-03-17T19:42:35","modified_gmt":"2024-03-17T18:42:35","slug":"accueil","status":"publish","type":"page","link":"https:\/\/psyfabriziomarra.com\/","title":{"rendered":"Accueil"},"content":{"rendered":"\n<p class=\"has-text-align-justify\">Bienvenue sur le site internet du Dr Fabrizio Marra\u00a0! <\/p>\n\n\n\n<p class=\"has-text-align-justify\">Je suis psychiatre, psychoth\u00e9rapeute et psychanalyste. Je travaille en cabinet m\u00e9dical ind\u00e9pendant \u00e0 Yverdon-Les-Bains depuis 2010 et \u00e0 Villeneuve depuis 2013.  Install\u00e9 compl\u00e8tement en cabinet depuis 2017, j\u2019ai effectu\u00e9 un parcours institutionnel de psychiatre en milieu publique et ai \u00e9t\u00e9 m\u00e9decin responsable de l\u2019h\u00f4pital psychiatrique de l\u2019Est -vaudois.<\/p>\n\n\n\n<p class=\"has-text-align-justify\">Je traite les maladies psychiatriques classiques et interviens dans les situations de crise familiale, en cas de souffrance au travail, propose une \u00e9laboration dans les situations d\u2019impasse, d\u2019angoisse, de mal-\u00eatre diffus ou de manque d\u2019estime de soi. Le travail s\u2019effectue selon les besoins en entretien individuel, de famille ou de couple, par la collaboration pluridisciplinaire, la psychopharmacologie, la psychoth\u00e9rapie ou la cure psychanalytique.<\/p>\n\n\n\n<p class=\"has-text-align-justify\">Vous trouverez sur ce site, mon parcours et formation professionnelle ainsi que les soins tels que je les pratique avec mes patients ainsi que des liens utiles, sur le sujet de la psychiatrie et de la psychoth\u00e9rapie. Si vous avez des questions ou souhaitez entreprendre un travail sur vous-m\u00eame, vous pouvez sans autre me laisser un message auquel je ne manquerai pas de r\u00e9pondre. Les soins pratiqu\u00e9s sont rembours\u00e9s par l\u2019assurance maladie (LaMal) de base.<\/p>\n","protected":false},"excerpt":{"rendered":"<p>Bienvenue<\/p>\n","protected":false},"author":1,"featured_media":115,"parent":0,"menu_order":0,"comment_status":"closed","ping_status":"closed","template":"","meta":{"advanced_seo_description":"Psychiatre, Psychoth\u00e9rapeute FMH, Lausanne","jetpack_seo_html_title":"","jetpack_seo_noindex":false,"footnotes":"","big_sky_generated":false},"class_list":["post-2","page","type-page","status-publish","has-post-thumbnail","hentry"],"jetpack_sharing_enabled":false,"jetpack_shortlink":"https:\/\/wp.me\/P91ZjD-2","jetpack_likes_enabled":false,"_links":{"self":[{"href":"https:\/\/psyfabriziomarra.com\/index.php?rest_route=\/wp\/v2\/pages\/2","targetHints":{"allow":["GET"]}}],"collection":[{"href":"https:\/\/psyfabriziomarra.com\/index.php?rest_route=\/wp\/v2\/pages"}],"about":[{"href":"https:\/\/psyfabriziomarra.com\/index.php?rest_route=\/wp\/v2\/types\/page"}],"author":[{"embeddable":true,"href":"https:\/\/psyfabriziomarra.com\/index.php?rest_route=\/wp\/v2\/users\/1"}],"replies":[{"embeddable":true,"href":"https:\/\/psyfabriziomarra.com\/index.php?rest_route=%2Fwp%2Fv2%2Fcomments&post=2"}],"version-history":[{"count":18,"href":"https:\/\/psyfabriziomarra.com\/index.php?rest_route=\/wp\/v2\/pages\/2\/revisions"}],"predecessor-version":[{"id":1102,"href":"https:\/\/psyfabriziomarra.com\/index.php?rest_route=\/wp\/v2\/pages\/2\/revisions\/1102"}],"wp:featuredmedia":[{"embeddable":true,"href":"https:\/\/psyfabriziomarra.com\/index.php?rest_route=\/wp\/v2\/media\/115"}],"wp:attachment":[{"href":"https:\/\/psyfabriziomarra.com\/index.php?rest_route=%2Fwp%2Fv2%2Fmedia&parent=2"}],"curies":[{"name":"wp","href":"https:\/\/api.w.org\/{rel}","templated":true}]}}